e factors of o?
5, 271
Let r(v) be the second derivative of v**3/6 + 6*v**2 + 22*v. Let m be r(-9). Suppose -84 = -m*u - k + 2, 0 = -u + 4*k + 33. What are the prime factors of u?
29
Let l(c) = -c**2 - 27*c + 128. Suppose 145 = -5*z - w, 16*w = 19*w. List the prime factors of l(z).
2, 5, 7
Suppose -11 = -10*p + 29. Suppose 3*b - p*b + 546 = 2*a, -5*a + 5*b + 1395 = 0. What are the prime factors of a?
5, 11
What are the prime factors of (6514/(-7))/(426/(-17892))?
2, 3, 3257
Let k(y) = 2*y - 14*y + 8*y - 25*y - 40. List the prime factors of k(-28).
2, 193
Let z = -283 - -396. Let d = z + 71. Let g = -43 + d. What are the prime factors of g?
3, 47
Suppose 5996172 = -111*g + 213*g. What are the prime factors of g?
2, 7, 13, 17, 19
Let x = 33 - -351. What are the prime factors of (-267)/4*x/(-36)?
2, 89
Suppose -y - 3*f = 3*y - 1, 0 = -3*y + 3*f + 27. What are the prime factors of y + -8 + 2*(-279)/(-2)?
5, 11
Let y = -2038 - -689. Let p = 2839 + y. What are the prime factors of p?
2, 5, 149
Let p be (-6)/72*74 - (-3)/18. What are the prime factors of (-886 + p)*1/(-1)?
2, 223
Let t be 2090/12 - (-1)/(-6). Let f = 153 - 227. Let a = f + t. What are the prime factors of a?
2, 5
Suppose 10*d = -8*d + 23*d. Suppose 27*y - 15120 - 22734 = d. List the prime factors of y.
2, 701
What are the prime factors of 45665102/1793 - 6/11?
2, 6367
Let u = -2576 + 14025. What are the prime factors of u?
107
What are the prime factors of (-746048)/(-9) + 116/(-36) + 3?
2, 7, 31, 191
Let w = -39 + 41. Let p be w + -1 + (-28)/(-4). Let t = p - -75. What are the prime factors of t?
83
Let k = 16980 + 42381. What are the prime factors of k?
3, 47, 421
Let q be ((-12)/10)/(9 - 2691102/299010). Suppose -61*j + 904 = -q. List the prime factors of j.
5, 101
Let f(m) = -4*m + 20. Let n be f(10). Let z = n + 24. Suppose -l + 98 = -2*v, 5*l + v = z*l + 95. What are the prime factors of l?
2, 3
Suppose -108 = -2*h - 34. Suppose 36*t = h*t - 640. Suppose -6*r + t = -r. What are the prime factors of r?
2
Suppose 0 = -25*b + 30*b + 4*o - 204905, -2*o + 81962 = 2*b. List the prime factors of b.
107, 383
Let w = 3693 - 2160. Suppose -w = -6*o - o. What are the prime factors of o?
3, 73
Let r = -3614 + 7071. Suppose -12*z = -15469 + r. What are the prime factors of z?
7, 11, 13
Suppose 5*x - 3*u - 295 - 43012 = 0, 0 = x + u - 8655. What are the prime factors of x?
7, 1237
Let i = -649 - -3857. List the prime factors of i.
2, 401
Let n(z) be the second derivative of z**3/3 - 10*z**2 - 12*z. Let l be n(12). Suppose 2*y - 3*p - 55 = 0, 4*y - l*p - 94 = 22. List the prime factors of y.
2
Suppose 3*t + 4*m - 24 - 4 = 0, -16 = -5*t + m. Suppose -k - 5*c + 1733 = 0, -4*k - t*c = -5*k + 1715. What are the prime factors of k?
1723
Suppose -d = 5*s + 3679, -3*d - 610 - 1607 = 3*s. Let i = s + 1137. What are the prime factors of i?
2, 3, 67
Let f be 0 + (-2)/1 + 145. Let h = 3035 + -2925. Let c = f - h. List the prime factors of c.
3, 11
Suppose -48 + 105 = 3*h. Suppose 0 = h*o - 25*o + 1554. List the prime factors of o.
7, 37
Let z = 17148 - -40843. What are the prime factors of z?
57991
Let v be (27 + -917)*(-2)/5. Suppose -3*u + v = 2*o, 4*u + 0*o + o - 478 = 0. Let p = -63 + u. What are the prime factors of p?
3, 19
Let r be -605*18/(10*(-3)/6). Let n = r - 964. What are the prime factors of n?
2, 607
Let a be -68*2/((0 + -16)/(-4)). Let y = a - -111. Suppose 4*g - y - 539 = 0. List the prime factors of g.
2, 7, 11
Suppose 0 = -d + 5*c - 270, 5*c - 22 = 3. Let r = d + 435. List the prime factors of r.
2, 5, 19
Suppose 175*w - 148*w - 31536 = 0. List the prime factors of w.
2, 73
What are the prime factors of 3/(-5)*(-4127970)/1386?
1787
Let s(p) = -4*p**3 - 13*p**2 - 7*p - 186. List the prime factors of s(-17).
2, 3, 1319
Suppose -207*b - 89838 = -849321. What are the prime factors of b?
3, 1223
Let r(f) = -9 + 11*f**2 + f**2 + f**3 - 19*f - 9. Let w be r(-13). Suppose 3*u - 189 = -w. List the prime factors of u.
43
Let a be ((-235)/2)/(7/42). What are the prime factors of -2*(a/6 + 4)?
227
Suppose -3*o - 5*y = 1670 - 549, -4*o + 2*y - 1460 = 0. Let m = o + 1113. What are the prime factors of m?
2, 373
Let o = 11973 + -5073. List the prime factors of o.
2, 3, 5, 23
Suppose 2*n - 21 = 37. Suppose -2*w + 17 = n. What are the prime factors of 18/27*w/4 + 56?
5, 11
Suppose -14*k + 4075 + 783 = 0. Suppose u + k - 507 = 0. What are the prime factors of u?
2, 5
Suppose 41*z = -3619 + 14935. Let i = -230 + z. What are the prime factors of i?
2, 23
Let o = 52073 + -19557. What are the prime factors of o?
2, 11, 739
List the prime factors of 3582480/225 + 38/(-285).
2, 19, 419
Suppose 0 = 11*d - 63598 - 37591. What are the prime factors of d?
9199
Suppose -4*t - 106 = 38. Let l be t/(-14)*35/(10/2). Suppose -1085 = -25*r + l*r. What are the prime factors of r?
5, 31
Let q(m) = -m**3 - 4*m**2 - 12*m + 6. Let w = 225 + -230. What are the prime factors of q(w)?
7, 13
Let i(a) = -175 - 2*a**2 + 81 + 4*a + 5*a**2 + 92. Let g = 4 - -2. List the prime factors of i(g).
2, 5, 13
Let j(u) = u**3 + 6*u**2 - 26*u - 135. Let i be j(-7). What are the prime factors of 7 + (-2 - i) - -545?
2, 3, 23
Suppose -3*a + 24779 = -21019. Suppose a - 39080 = -14*l. What are the prime factors of l?
3, 7
Let x be (-8)/2*((-8)/4)/(-2). Let d be ((-3)/(-2))/(x*(-3)/24). Suppose -2*o + 2*j - 450 = -7*o, 3*j = d*o - 270. What are the prime factors of o?
2, 3, 5
Let b(h) = -17*h**3 - 3*h**2 - 3*h - 29. List the prime factors of b(-8).
47, 181
Let i = -1378 - -1885. What are the prime factors of i?
3, 13
Let v(u) = u**3 - u. Let x(g) = -3*g**3 + 2*g**2 + 13*g - 2. Let q(z) = -4*v(z) - x(z). What are the prime factors of q(-8)?
2, 229
Suppose -12632 - 30786 = -2*d. Suppose 21*s - d = -7408. What are the prime factors of s?
3, 227
Let t(r) = 15 - r + 4 - r + 17. Let u be (-14)/3 + 6/9 + 0. What are the prime factors of t(u)?
2, 11
Let j(z) be the third derivative of -z**6/40 - z**5/10 - z**4/6 + z**3/6 + 2*z**2. List the prime factors of j(-4).
113
Let m = -17812 + 32583. What are the prime factors of m?
14771
What are the prime factors of (2/(-4))/(96235/(-8018) + 12)?
211
Suppose 3*x - 2*y - 13 = 0, -5*x + 8*y + 15 = 3*y. Suppose 2035 - 439 = x*f. List the prime factors of f.
2, 3, 19
Let b = 852 + -2063. What are the prime factors of b/(-4) - 2*(-4)/32?
3, 101
Let c = 38 + -38. Suppose -u - 83 + 347 = c. What are the prime factors of u?
2, 3, 11
Let d = 30377 - 23858. List the prime factors of d.
3, 41, 53
Let p be -7 - (-14 + 9) - 5*-1. Suppose 18*n - 15*n = p*h - 2040, -5*h + 3424 = n. What are the prime factors of h?
2, 3, 19
List the prime factors of (5512/(-520))/((-1)/2795).
13, 43, 53
Let j(y) = -3 - 4 + 5 - 23*y. Suppose 2*w = 4*m + 42, -43*w + 40*w + 13 = -m. What are the prime factors of j(m)?
2, 3, 19
Suppose 0 = -4*i + 71*n - 75*n + 16208, -5*i = -3*n - 20236. List the prime factors of i.
4049
Suppose 3*j = -22*j - 200. List the prime factors of ((-2)/j)/((-11)/(-35860)).
5, 163
Suppose -265*j = -144*j - 1395856. List the prime factors of j.
2, 7, 103
Let z(j) = j**3 - 14*j**2 - 12*j - 23. Let c be z(15). Suppose -4*f - c = 2. List the prime factors of (2 + -3)/(f/168).
2, 7
Let p(t) = -28*t + 6. Let h be p(-3). Let z = 2 - 6. Let b = h + z. What are the prime factors of b?
2, 43
Let j(x) = x**3 + 6*x**2 + 8*x - 11. Let k be j(-5). Let p = -20 - k. Suppose -3*r = p*r - 216. List the prime factors of r.
2, 3
Let k be 4/18 - 3740/(-18). Suppose -5*c - o = -1505, -4*c + 1066 = -2*o - 152. Let x = c - k. List the prime factors of x.
2, 47
List the prime factors of -7 + -207*(-1540)/30.
7, 37, 41
Let j(g) = 2*g**2 + 2*g + 684. List the prime factors of j(23).
2, 3, 149
Let j(l) = 19*l**3 - 10*l**2 + 8*l - 91. List the prime factors of j(9).
2, 17, 383
Let n be ((-9)/6)/((-2)/40*-2). Let s(z) = z**2 + 14*z - 13. Let g be s(n). Suppose 5*p + 3*h - 992 + 332 = 0, 2*p - g*h = 264. List the prime factors of p.
2, 3, 11
Let o be 1015*(48/10)/8. Suppose 2*a - 3*h + 0*h = o, h + 903 = 3*a. List the prime factors of a.
2, 3, 5
Let m(l) = 12*l**2 + 4*l - 22 + 8*l**2 + 8. What are the prime factors of m(3)?
2, 89
What are the prime factors of (-48)/9*(16 + (-679014)/72)?
2, 12553
Suppose -457224 = -276*d - 75*d + 6611565. List the